me factors of s(-15)?
61
Let w = 20 - -7. Suppose -3*d + w - 9 = 0. Let u(z) = z**2 - 5*z + 14. What are the prime factors of u(d)?
2, 5
Let t be (-22)/(-6) - (-5)/15. Let z = 694 - 488. Suppose 0 = 3*g - 2*h - 83, t*g + 4*h + 82 = z. What are the prime factors of g?
29
Let l(g) = g**3 + g**2 + g + 4. Let b(o) = -o**3 + o**2 + 1. Let n(j) = 2*b(j) + l(j). List the prime factors of n(-4).
2, 3, 19
Let y be (-1)/((-2)/(-108)*2). Let q = -34 - y. Let b = q - -12. What are the prime factors of b?
5
Suppose 4*n + 41 = 3*k, -4*n + k = -15 + 50. Let o = n + 46. Suppose 0 = 3*r - 5*m - 37, 4*r - m - o = -0*r. List the prime factors of r.
3
Let j = 2 + -1. Let u(y) = 41*y**3 - 2*y + 1. Let k be u(j). Let w = -21 + k. List the prime factors of w.
19
Let x = -20 - -22. List the prime factors of 3/(-6)*(-176 - x).
89
Suppose -5085 = -5*v + 3*i, -12*v + 17*v - 5075 = 5*i. List the prime factors of v.
2, 3, 5, 17
Let j(w) = -3*w - 2*w - 1 - 1. Suppose 3*s - p + 3 = -4, -3*p - 7 = 5*s. List the prime factors of j(s).
2
Let t be 8/(-4)*-1 - 0. Suppose t*c + 3*k - 6*k - 19 = 0, -c = k - 7. Suppose -g = a - 8 - 4, c = 4*a. List the prime factors of g.
2, 5
Let p(y) = y**3 + 8*y**2 + 8*y - 9. Let w be p(-7). Let n = w + 19. Suppose 0 = -b + 2*a + 14, -102 = -5*b + 3*a + n. What are the prime factors of b?
2, 3
Let v(s) be the third derivative of -s**6/10 + s**5/30 - s**4/24 - s**3/6 - 3*s**2. What are the prime factors of v(-2)?
3, 5, 7
Let k(m) = -6*m + 5. Let f = 24 - 13. Let j(c) = -c + 1. Let b(l) = f*j(l) - 2*k(l). List the prime factors of b(1).
2
Let b be 0 + 24 - (-3)/3. Suppose 0 = -4*v - v + b. Suppose -t - v*w + 25 = 0, 5*t + 0*t = -4*w + 104. List the prime factors of t.
2, 5
Let r be (8 - 113)*(-1 + (0 - 1)). Let a = -109 + r. List the prime factors of a.
101
Let b(n) = 4*n**3 - 11*n**2 - 6*n - 37. Let g(m) = -3*m**3 + 7*m**2 + 4*m + 25. Let j(h) = 5*b(h) + 7*g(h). List the prime factors of j(-6).
2
Let t(q) = -26*q + 74. List the prime factors of t(-30).
2, 7, 61
Suppose -1 = s - 6. Suppose 0*i + s*i - 510 = 0. What are the prime factors of i?
2, 3, 17
What are the prime factors of (7465/20)/(18/144)?
2, 1493
Suppose -8*c - 2*h = -12*c + 2286, 5*h - 1695 = -3*c. What are the prime factors of c?
2, 3, 5, 19
List the prime factors of 112/(-196) + 6339/7.
5, 181
Let c be -33*3/(-9)*5. Suppose -3*f - 2*b - b = -135, f - c = 4*b. List the prime factors of f.
47
Let x be (21 - 7) + -1 + -1. Suppose 221 + 163 = x*y. List the prime factors of y.
2
Let n be (0/(-5))/(2/2). What are the prime factors of (-7 - -83) + (-1 - n)?
3, 5
Let v(k) = -2*k. Let i be v(-1). Suppose -4*s = 4*w - 392, -s = i*w + 4*s - 199. What are the prime factors of w?
97
Suppose -m + 0*m - 27 = 3*c, 56 = -3*m - 4*c. Let b be (m/(-10))/(2/5). Suppose -143 = -b*u - 3*s + s, 4*s - 61 = -u. What are the prime factors of u?
3, 5
Let t be -2 - 40/(-18) - 116/36. Let i = -9 - -9. Let l = i - t. List the prime factors of l.
3
Let q be -3*((-8)/(-3) + -1). Let z(i) = -9*i - 5. What are the prime factors of z(q)?
2, 5
Let y(w) = 0*w - w + 2*w + 3*w - 13. Let q be y(4). Suppose -q*d = 0, m - 2 = -0*m - d. What are the prime factors of m?
2
Suppose -3*v + 2*v = 187. Suppose -n + 6*n = -660. Let h = n - v. List the prime factors of h.
5, 11
Let j = 117 + -271. Let r = -80 - j. What are the prime factors of r/2 - 4/1?
3, 11
Let a(w) = -120*w. Let o be a(-10). Suppose -8*y = -o - 232. List the prime factors of y.
179
Let p(i) = -i**2 + 7*i - 5. Let n be p(5). Suppose 3*s = 2*a + 153, s + 0*s - 68 = -n*a. List the prime factors of s.
53
Let m(t) = t**2 + 9*t + 43. What are the prime factors of m(-15)?
7, 19
Let i be 3/(3/2) + 3. Suppose 0*q - q - 403 = -i*f, 5*f + 4*q = 388. What are the prime factors of f?
2, 5
Let o = -1665 + 7026. List the prime factors of o.
3, 1787
What are the prime factors of 12/15*(-2110)/(-4)?
2, 211
Suppose 0 = 2*p + 3*v - 1630 + 462, -5*p = -4*v - 2943. List the prime factors of p.
587
Let d(a) be the third derivative of 5*a**4/24 - a**3/3 + 27*a**2. Let n be 4/(-10)*-1*30. List the prime factors of d(n).
2, 29
Let i = 106 + -56. Suppose 4*d = -d + i. List the prime factors of d.
2, 5
Let i be (8 - -1)*91/(-21). Let h = i - -55. Let g = h - 9. List the prime factors of g.
7
Let z = 76 + -48. What are the prime factors of (z/(-21))/(4/(-222))?
2, 37
Suppose -4*b = -3*z + 2046, z + 264 - 953 = -b. What are the prime factors of z?
2, 7
Let b(o) = 2*o**2 + o - 2. Let y be b(-2). What are the prime factors of 65/y*(-17 + 21)?
5, 13
Let f(i) = -i**2 + 44*i - 56. Let v be f(25). Suppose -7*d = -2*d + 2*s - 693, 3*d - v = 2*s. List the prime factors of d.
139
Suppose -14*r + 8710 = -r. List the prime factors of r.
2, 5, 67
Let r = -29 + 250. Let a = r + -109. List the prime factors of a.
2, 7
Suppose 0 = -3*s + 2*r + 3297, -2188 = s - 3*s - 2*r. What are the prime factors of s?
1097
Suppose 48 + 32 = -5*b. Let d = b + 28. List the prime factors of (-3 + d)*(-8)/(-2).
2, 3
Let h = 8258 - 5335. List the prime factors of h.
37, 79
Let z(o) = -114*o - 23. List the prime factors of z(-5).
547
Suppose -3*d - 3 = -4*d. Let z be -143 - (d - (-12)/(-3)). Let w = -82 - z. List the prime factors of w.
2, 3, 5
Let k = 91 - 55. Let i(f) = f**2 - 14*f - 38. Let z be i(-3). Let p = z + k. What are the prime factors of p?
7
Let q(c) = -63*c**2 + 29*c**2 - 44*c**2. Let t be q(-1). List the prime factors of 2/(-13) - 1962/t.
5
Let h(t) = 24*t - 130. List the prime factors of h(17).
2, 139
Let q = -498 - -700. List the prime factors of q.
2, 101
List the prime factors of (-6 + 80)*59/2.
37, 59
Suppose -2189 = -6*r + r - q, r = 4*q + 442. What are the prime factors of r?
2, 3, 73
Let p(y) = -3*y - 16. Let v be p(-6). Suppose -7 = -2*j + 21. Suppose -3*t = o - 31, v*t = o - 0 + j. List the prime factors of t.
3
Let l(a) = -18*a + 178. List the prime factors of l(-32).
2, 13, 29
Suppose -2*h = 199 + 67. Let r = h + 233. What are the prime factors of r?
2, 5
Let x(a) = -a**3 - 3*a**2 + 4*a + 4. Let f be x(-4). Suppose -f*h = -6*h + 80. What are the prime factors of h?
2, 5
Suppose -2*t = 5*k - 43, 0*t = -3*t + 12. Let b = -5 + k. Suppose -2*i - 5*m = -53 + 12, -14 = -3*i + b*m. What are the prime factors of i?
2
Suppose -4*n + 32 = 4*j, j - 5*j + n = -47. Let c = j + -5. Let v(m) = -m**3 + 6*m**2 + 3*m + 5. What are the prime factors of v(c)?
23
List the prime factors of (2*97/6)/(73/438).
2, 97
Let q(t) = t**2 - 2*t - 12. Let b be q(5). Suppose -2*s = -4*u + 210, b*u - s - 158 = -0*u. List the prime factors of u.
53
Let v(c) = c + 1. Let t be v(2). Suppose 0 = 2*k + t*k + 15. What are the prime factors of ((k - -3) + 5)*1?
5
List the prime factors of (((-44)/1)/11)/((-2)/892).
2, 223
Let x(k) = k**3 - k**2 - k + 2. Let y be x(2). Let d(n) = -27*n - 3. Let u be d(y). Let o = u + 170. List the prime factors of o.
59
Let q(y) = -y**2 - 24*y - 65. Let u be q(-19). Suppose u*h - 26*h - 652 = 0. What are the prime factors of h?
163
List the prime factors of (-1)/(-9)*237*159.
53, 79
Let h = -413 - -204. Let n = h - -436. List the prime factors of n.
227
Let t = 123 - 25. Let b = t - 33. What are the prime factors of b?
5, 13
Let f = -22 + 22. Suppose -p + 2*c + 2*c = 13, -c + 3 = f. What are the prime factors of p/6*-94*3?
47
Let n be (-406)/(-3) - (-4)/(-12). Let b(p) = p**3 + 4*p**2 - 2*p - 9. Let w be b(-6). Let l = w + n. List the prime factors of l.
2, 3, 11
Suppose 6*b - 3*b + 2*f = 108, b - 46 = -4*f. Let y = 61 - b. What are the prime factors of y?
3
Suppose 5*i = k - 15, 4*i + 44 = 5*k + 11. Suppose -k*f + 265 = -320. What are the prime factors of f?
3, 13
Let l(j) be the first derivative of 13*j**3/3 - j**2 - 2*j - 4. What are the prime factors of l(-2)?
2, 3
Suppose -4*k + 3*z = -94, -3*k + 5*z = -62 - 3. Suppose 3*a = 7*a. Suppose k = b - a. What are the prime factors of b?
5
Suppose -103 = 3*z - g, -4*z + 4*g - 8*g = 164. Let j be (-6)/15 + z/10. What are the prime factors of ((-6)/(-21))/(j/(-532))?
2, 19
Let m = -23 - 48. Let a = m + 118. What are the prime factors of a?
47
Suppose 129*c = 125*c + 848. What are the prime factors of c?
2, 53
Let c(d) be the first derivative of d**4/4 - 7*d**3/3 + 3*d**2 - d - 6. Let v = -1 - -8. List the prime factors of c(v).
41
Let b be (-4163)/(-1) + -